
In base 4, what is 311 + -111220?
-110303
In base 6, what is -102112 - -21?
-102051
In base 9, what is -8 - -6267?
6258
In base 9, what is -1210 + -24?
-1234
In base 14, what is 3cc2 + -5?
3cbb
In base 2, what is 11 - -1011110010010?
1011110010101
In base 14, what is 4c4ca - -8?
4c4d4
In base 14, what is -2 + 1687?
1685
In base 4, what is -21 + 312103?
312022
In base 7, what is -63120 + 4?
-63113
In base 12, what is -5 + 233?
22a
In base 15, what is -ab5 - 279?
-d3e
In base 3, what is 1 - 112111?
-112110
In base 3, what is 1110201100 + 11?
1110201111
In base 10, what is 1 + 198211?
198212
In base 16, what is -216b - 5?
-2170
In base 14, what is -395b + c?
-394d
In base 15, what is -ae - -1b60?
1aa1
In base 15, what is -3 + 476d4?
476d1
In base 2, what is 11 + 10100110010100?
10100110010111
In base 4, what is -211013101 + 2?
-211013033
In base 13, what is -12 - 822?
-834
In base 3, what is -2 + -1200010022000?
-1200010022002
In base 3, what is -100021121 - 121?
-100022012
In base 6, what is -2 + -54102?
-54104
In base 6, what is 151 - -52?
243
In base 13, what is -5098 + 0?
-5098
In base 15, what is 298d8 + 5?
298dd
In base 2, what is 10010011111000 - -11?
10010011111011
In base 4, what is -10 + -3112312?
-3112322
In base 6, what is -23424344 + 2?
-23424342
In base 15, what is 7c5 + -44?
781
In base 5, what is -1013 + 4421?
3403
In base 10, what is 1842 + 3?
1845
In base 16, what is -19f + -dc?
-27b
In base 6, what is -30215 - 11?
-30230
In base 10, what is -2112 + 268?
-1844
In base 12, what is 82 - a1?
-1b
In base 4, what is -2301000322 - -1?
-2301000321
In base 16, what is -4eb + 74?
-477
In base 13, what is -1199a - -4?
-11996
In base 4, what is 12030101 - 12?
12030023
In base 15, what is c - d364?
-d357
In base 9, what is -434778 + 2?
-434776
In base 15, what is 10e + ed?
20c
In base 10, what is -172 - 34?
-206
In base 16, what is -ec1 + 194?
-d2d
In base 6, what is 50 + 3101?
3151
In base 6, what is -2432 + 133?
-2255
In base 8, what is -1406 - 25?
-1433
In base 3, what is 1001 + 1110212?
1111220
In base 5, what is 122003 + 21?
122024
In base 4, what is -101101 - -1320?
-33121
In base 5, what is -1213213 - 11?
-1213224
In base 16, what is -17 - 4677?
-468e
In base 7, what is -3 - -13026412?
13026406
In base 10, what is 4 - 300?
-296
In base 10, what is 11065 - 5?
11060
In base 13, what is 2c788 + 0?
2c788
In base 5, what is -1034312 - 141?
-1040003
In base 14, what is -1dc1 + -23?
-2004
In base 8, what is -17576500 + 1?
-17576477
In base 11, what is -1a55 - 40?
-1a95
In base 2, what is -110111 - 100010110100?
-100011101011
In base 10, what is 47081 + -4?
47077
In base 5, what is -12 - -333423?
333411
In base 12, what is 2a815 - 3?
2a812
In base 11, what is 6656 + 9a?
6745
In base 4, what is 231 - 20212?
-13321
In base 9, what is -3 - 34065?
-34068
In base 14, what is 4 + -a715?
-a711
In base 11, what is -1564 + 256?
-1309
In base 16, what is -53 - -3d6?
383
In base 13, what is 9 + 4bc24?
4bc30
In base 11, what is 842850 - -1?
842851
In base 2, what is -11111 + 101101011?
101001100
In base 10, what is 2 - 306905?
-306903
In base 2, what is 10 - -11011000110011001?
11011000110011011
In base 8, what is 4 - -1225?
1231
In base 9, what is -78 + 32710?
32621
In base 12, what is -6 - 4279a?
-427a4
In base 3, what is 2022012 + 10002?
2102021
In base 10, what is 25468 - 2?
25466
In base 11, what is 713 + -1030?
-418
In base 3, what is 10121211010 + 1022?
10121212102
In base 14, what is -29bb - -a4?
-2917
In base 10, what is 20 - -14659?
14679
In base 6, what is 35503545 + 2?
35503551
In base 10, what is -4449116 + 4?
-4449112
In base 10, what is -73 + -75433?
-75506
In base 14, what is 1c9d4 - -4?
1c9d8
In base 11, what is -1490 + 29?
-1462
In base 5, what is 34023 + -10232?
23241
In base 6, what is 1152 - -10332?
11524
In base 8, what is -116055 + 22?
-116033
In base 13, what is -2 + -2481a?
-2481c
In base 8, what is 1521560 + -1?
1521557
In base 16, what is -2 + -b8e6?
-b8e8
In base 9, what is 8 - -11366?
11375
In base 4, what is -22321 - -32123?
3202
In base 2, what is 11011000 + -10101?
11000011
In base 15, what is -3634 - 72?
-36a6
In base 12, what is -2 + 21aa2?
21aa0
In base 10, what is 5 - 966195?
-966190
In base 8, what is -25651417 + 1?
-25651416
In base 15, what is 38 - 3b3?
-37a
In base 8, what is -57 + 121?
42
In base 2, what is 1 + -10011001010000101?
-10011001010000100
In base 3, what is -2 + -200100021?
-200100100
In base 10, what is 157705 - -5?
157710
In base 12, what is 53 + 3?
56
In base 5, what is -24043 + -333?
-24431
In base 15, what is -b9 + -272?
-33b
In base 12, what is -4 - -41025?
41021
In base 2, what is -1011 - -10000000101100?
10000000100001
In base 9, what is -506 + 150?
-346
In base 9, what is 71887 + -10?
71877
In base 5, what is 3 + -2134412?
-2134404
In base 10, what is -736532 + 9?
-736523
In base 15, what is 3a + 270?
2aa
In base 3, what is -222211 - -221?
-221220
In base 8, what is -1 + -35447?
-35450
In base 10, what is -5291 - -401?
-4890
In base 4, what is 21030002 - -2332?
21033000
In base 4, what is 10 + 3201232?
3201302
In base 11, what is -13648 + 2?
-13646
In base 13, what is 53a - 84?
486
In base 10, what is -257921 + -3?
-257924
In base 11, what is -66 - -25a8?
2542
In base 4, what is 11 + 2213221312?
2213221323
In base 11, what is 393a - -63?
39a2
In base 13, what is -24 - 19cb8?
-1a00c
In base 7, what is -6504543 + 2?
-6504541
In base 7, what is -6551 + 5?
-6543
In base 8, what is -1 - 1316410?
-1316411
In base 7, what is 4 + 5165614?
5165621
In base 4, what is 11021 - 100?
10321
In base 2, what is 1011000011110 + 101?
1011000100011
In base 14, what is 3 - -d65a1?
d65a4
In base 16, what is 1 + 619b?
619c
In base 5, what is 10424131 + 3?
10424134
In base 10, what is -2070558 - 4?
-2070562
In base 9, what is 263361 - 10?
263351
In base 12, what is -5941 - -20?
-5921
In base 13, what is 3ab + -b87?
-7a9
In base 4, what is 121301 - 313?
120322
In base 8, what is -274142 - 3?
-274145
In base 5, what is -4330311 - -12?
-4330244
In base 4, what is -13210 - 11132?
-31002
In base 10, what is 13 - -86?
99
In base 9, what is 31165 - -38?
31214
In base 6, what is -44 - -321?
233
In base 6, what is 1 - 55154?
-55153
In base 16, what is -15aac - 51?
-15afd
In base 6, what is -10331 + 3554?
-2333
In base 5, what is -422 + 2232?
1310
In base 6, what is -14 + -400503?
-400521
In base 16, what is c + b9a6?
b9b2
In base 13, what is 38200 - -6?
38206
In base 15, what is 1c05 + c?
1c12
In base 2, what is -100011110110111 + 1?
-100011110110110
In base 12, what is -4 - -360a?
3606
In base 5, what is 104230 + -23?
104202
In base 15, what is 38b7 + -1?
38b6
In base 16, what is -667f - -24?
-665b
In base 4, what is 1020133 + -202?
1013331
In base 7, what is 643053 - -2?
643055
In base 13, what is -4 + 3a14a?
3a146
In base 13, what is 879 - -403?
c7c
In base 10, what is -5515 - -128?
-5387
In base 8, what is -2206 + 4141?
1733
In base 14, what is 150277 + -3?
150274
In base 12, what is -5 - 181084?
-181089
In base 9, what is 21 + -1287?
-1266
In base 4, what is -110330103 - 3?
-110330112
In base 10, what is -27 - -1860?
1833
In base 2, what is 100011 + -10010110110?
-10010010011
In base 11, what is 477a9 - -6?
47804
In base 5, what is -2 - 42431?
-42433
In base 6, what is 155514 - 42?
155432
In base 9, what is -47156 - -1?
-47155
In base 3, what is -1002101010 + -20101?
-1002121111
In base 14, what is 3 - 14c1b?
-14c18
In base 5, what is 4340423 + 11?
4340434
In base 4, what is -23 + 33222022?
33221333
In base 16, what is 16 + 9ac3?
9ad9
In base 2, what is -11100011011010010001 + 11?
-11100011011010001110
In base 15, what is c2b1 - 62?
c24e
In base 12, what is b - 802?
-7b3
In base 7, what is 514224 + 2?
514226
In base 13, what is -152 - -102?
-50
In base 14, what is -192 + 899?
707
In base 2, what is -1111 - 1000111001100101?
-1000111001110100
In base 6, what is 13 - 11340?
-11323
In base 3, what is -21111001 + 11?
-21110220
In base 12, what is -52 + -b34?
-b86
In base 3, what is 10 - -21200011?
21200021
In base 10, what is 626 + 469?
1095
In base 4, what is -32330000 + -201?
-32330201
In base 11, what is 5 + -165318?
-165313
In base 13, what is -5a8c9 - -4?
-5a8c5
In base 6, what is 244533 + -15?
244514
In base 2, w